*f + s*f. List the prime factors of f.
2, 3
Let r = 3 + -5. Let x = r + 9. What are the prime factors of x?
7
Let i(f) = -f**2 + 5*f - 2. Let v be i(7). Let m = v + 25. List the prime factors of m.
3
Suppose -4*u + 99 + 221 = -5*t, 0 = -5*u + 3*t + 387. What are the prime factors of u?
3, 5
Suppose o - 9 + 4 = 0. Suppose -5*q + 5 + 2 = k, q + o*k = 11. What are the prime factors of (3 - 3 - -21)/q?
3, 7
Let l(o) = o**2 + 11*o + 14. Let i be l(-6). Let y = i - -22. What are the prime factors of y?
2, 3
Suppose 0 = -2*v + 5*b + 169, -2*v + v - 4*b + 91 = 0. List the prime factors of v.
3, 29
Let s(q) = 3*q**2 + 2*q + 0 + 0*q + 1. What are the prime factors of s(3)?
2, 17
Let x = -54 + 62. List the prime factors of x.
2
Let i(p) = 3*p**2 - p - 2. Let r = 11 - 9. Let b be i(r). Suppose 2*j = -c - 2, 5*c - b*j - 18 = -4*j. List the prime factors of c.
2
Let g be 23/(-4) + 1/(-4). Suppose 4*l = z + 14, l = -l + 4. List the prime factors of (-4)/z + (-56)/g.
2, 5
Let y = 5 + 0. Suppose q = -0*c + 2*c - 8, y*q + 10 = 0. Suppose c*j = 27 + 6. List the prime factors of j.
11
Let b(a) = a**2 + 7*a - 6. Let x be b(-8). Suppose -11 = -q + x*u - 0*u, 0 = -3*q + 4*u + 27. List the prime factors of (-2 - q/2)*-2.
3
Let l be ((-2)/3)/((-4)/42). Let c be l + (-2)/4*4. Suppose 5*y + 34 + 14 = 2*j, 4*y - 54 = -c*j. What are the prime factors of j?
2, 7
Let k = 0 + -2. Let d(a) be the first derivative of -a**3/3 - 3*a**2 - 3*a - 3. List the prime factors of d(k).
5
Suppose 215 = 4*k + 55. What are the prime factors of k?
2, 5
Let g(s) = 6*s - 16. List the prime factors of g(4).
2
Suppose -j + 5 = -74. List the prime factors of j.
79
Let u be 3*(3 + 0)/(-3). Let p = -3 - u. Suppose p = 4*z - 28 - 44. What are the prime factors of z?
2, 3
Let t(l) be the third derivative of l**6/120 + l**4/24 + 9*l**3/2 + 9*l**2. What are the prime factors of t(0)?
3
Suppose -2*f - 3 = -5*b - 8, 7 = 2*f - 3*b. What are the prime factors of f?
5
Let t(d) = -3*d + 1. Let g(i) = i. Let x(y) = -4*g(y) - t(y). Let k be x(2). Let m = -1 - k. List the prime factors of m.
2
Let j be (1 + 6/3)*-1. Let d be 7 + j - (0 - -2). Suppose d*k - 3 = 5. What are the prime factors of k?
2
Suppose 5*g - 2*g = 0. Let l(u) = -3*u - 9. Let f be l(-6). Let w = f + g. What are the prime factors of w?
3
Suppose -25 = -5*i + 120. Let t = -9 + i. List the prime factors of t.
2, 5
Suppose 2*o - 3*a - 83 = 132, -3*o - 5*a = -294. List the prime factors of o.
103
Let w(a) = -a**3 + 5*a**2 + a - 2. Let u(r) = -2*r**3 + 9*r**2 + r - 3. Let h(l) = -3*u(l) + 5*w(l). List the prime factors of h(2).
3
Let y be -4*-2*3/6. What are the prime factors of (12/y)/(-3) + 32?
31
Let n be 24/(-32) + 30/8. Let k be 45/(2/(-4)*n). Let m = -21 - k. List the prime factors of m.
3
Suppose -3*q = -q + 4. Let u = q - -6. Let x(k) = k**3 - 2*k**2 - 5*k. What are the prime factors of x(u)?
2, 3
Let l(q) = -q. Let f be l(-1). Let x = -4 + 7. Let v = x + f. List the prime factors of v.
2
Let g = 32 + 12. Suppose 0 = h + 12 - g. What are the prime factors of h?
2
Let a(l) = l**3 - l + 31. List the prime factors of a(0).
31
Let s(y) = 15*y**2 - 6*y + 3. Suppose -3*p + 4*d = -0*p + 14, -29 = -2*p - 5*d. What are the prime factors of s(p)?
3, 17
Suppose 0 = -5*q + 1478 - 73. List the prime factors of q.
281
Let q be (-76)/(-24) + (-5)/30. Suppose -12 = -n - 3*s + 4, 3*n - q*s - 48 = 0. What are the prime factors of n?
2
Suppose -o - 143 = -3*k + 4*o, 4*k = 2*o + 186. What are the prime factors of k?
2, 23
Let i = -18 - -20. List the prime factors of i.
2
Let u(j) be the first derivative of -j**4/4 + 7*j**3/3 - 7*j**2/2 + 3. What are the prime factors of u(5)?
3, 5
Let a(z) = z**3 - 8*z**2 - 2*z - 1. Let y be a(7). Let s = -35 - y. List the prime factors of s.
29
Let r(c) = -2*c**2 + c + 1. Let x be r(2). Let y = 10 - x. List the prime factors of y.
3, 5
What are the prime factors of (4/(-3))/(9/(-243))?
2, 3
Let h = -9 - -9. Suppose h*g + 48 = 4*g. What are the prime factors of g?
2, 3
Let l(b) = 0 + b - 2*b**2 + 8*b**2 - 1. List the prime factors of l(1).
2, 3
Let c(d) = -5*d**2 - 3*d + 28. Let z(g) = g**2 + g - 7. Let f(i) = -2*c(i) - 9*z(i). List the prime factors of f(6).
5
Let x(o) = -o + 3. Let u = 1 - -2. Let y be x(u). Suppose 0 = -y*d - 2*d + 28. List the prime factors of d.
2, 7
Let o be (2/1)/((-6)/(-87)). Suppose o = 2*q - 4*q - r, -46 = 3*q - r. Let f = 28 + q. List the prime factors of f.
13
Let j = -18 - -22. Suppose -j*t - 4*u = -8, 0*t + 5*u - 6 = -4*t. List the prime factors of t.
2
Let q = -64 + 101. What are the prime factors of q?
37
Let p(d) = -d**2 + 4*d + 5. Let h be p(5). Suppose b + 0*b - 2 = h. Suppose -b*k = -3*n - 3, -5*k - 19 = 3*n - 58. What are the prime factors of k?
2, 3
Let b = -480 - -780. List the prime factors of b.
2, 3, 5
Let p(q) = 209*q - 6. What are the prime factors of p(2)?
2, 103
Let a = -3 + 0. List the prime factors of ((-3)/a)/((-2)/(-22)).
11
Suppose -5*v + 13 = 88. Let t = 21 + v. List the prime factors of t.
2, 3
Let l(j) = j - 2. List the prime factors of l(8).
2, 3
Let z(f) = f**2 - 7*f + 4. Suppose c - 22 = -4*h, 0*h = c + 2*h - 14. Let r be z(c). What are the prime factors of 58/8 - r/(-8)?
7
Let a(d) = -d + 8. Let q be a(4). Suppose 0*n - q*n + 14 = 2*z, -5*z = 2*n - 19. Suppose 3*v - i = 25, -3*v + 2*i = n*v - 43. List the prime factors of v.
7
Suppose o - 6*o = -10. Suppose -4 = o*s, 19 = a - 3*s - 20. Suppose -a = -x - 2*x. List the prime factors of x.
11
Suppose 1 = -2*y + 3. Let h = 8 + y. List the prime factors of h.
3
Let z(f) = 51*f**2 + 1. What are the prime factors of z(2)?
5, 41
Let v = 16 - 8. Let f = -16 + v. Let o = f + 15. List the prime factors of o.
7
Suppose -5*s = 4*k, 5*k - s = 2*k. Suppose -5*n + 3*b + 69 = k, -2*b + 6 = -2*n + 3*n. What are the prime factors of n?
2, 3
Let p(l) = 3*l**2 + 3*l + 3. Let j be p(-4). Suppose -23 = -c + b, -133 = -4*c + 5*b - j. What are the prime factors of c?
3, 7
Suppose 87 = 4*r - 9. List the prime factors of 1 + (r - 1) - 3.
3, 7
Suppose t - 86 = -t. What are the prime factors of t?
43
Let j be (4 + -7)*(-1)/3. Let x = j - 4. Let g = x - -10. List the prime factors of g.
7
Suppose -2*n + 0*n = 2*m + 22, -2*m + 3*n - 2 = 0. Let x = 21 + m. What are the prime factors of x?
2, 7
Suppose 2*j + 5*t + 4 = -3, -23 = -2*j + 5*t. Suppose j*s - 42 = 34. List the prime factors of s.
19
Let m(n) = 3*n**3 - 3*n**3 - 7*n + n**3 - 2*n**3 + 8*n**2 + 3. What are the prime factors of m(6)?
3, 11
Let g = -5 + 7. Suppose 0 = 5*n - g - 118. List the prime factors of n.
2, 3
Let h = -5 + 21. What are the prime factors of h?
2
Let c = -1 + 4. What are the prime factors of (18/(-27))/((-1)/c)?
2
Let h(p) = -33*p - 2. List the prime factors of h(-1).
31
Let x(y) = -y**3 - 7*y**2 - 6*y + 8. Let t be x(-6). Let j(l) = l**3 - 8*l**2 + 11. List the prime factors of j(t).
11
Let y(d) = d + 8. Let r be y(-8). Suppose -4*c + 16 = r, 3*c = 2*p + 8*c - 92. Let b = p - 21. What are the prime factors of b?
3, 5
Suppose 4 = 5*t - 26. Suppose 2*u + 11 = -k, 3*u - 2*k = 3*k + 3. List the prime factors of (-28)/u*t/7.
2, 3
Let b(x) = 4*x - 6. Let v be b(2). Suppose -10 = -3*k + v. What are the prime factors of k?
2
Let r = 3 - 3. Let q = r - 5. Let b(f) = f**2 + 4*f + 4. What are the prime factors of b(q)?
3
Let w = 0 - 2. Let l be 15 + (3 - 1) + w. Suppose -4*x = -9 - l. What are the prime factors of x?
2, 3
Let m = -229 + 141. List the prime factors of 6/(-9) - m/6.
2, 7
Suppose g = 2*g. Let o = 8 - g. List the prime factors of o.
2
Let n = 71 + -42. List the prime factors of n.
29
Suppose 0 = -104*b + 99*b + 1985. List the prime factors of b.
397
Let y be (-12)/2 - (6 + -4). Let s be 0 + -2 + (-6)/(-1). List the prime factors of (y + -6)*(-2)/s.
7
Let f be (8/2 - 0) + 0. Suppose 0 = -u + f - 2. Suppose -u*q + 3*q = 8. List the prime factors of q.
2
What are the prime factors of (2/(-4)*38)/(-1)?
19
Suppose 0 = -2*p + 4, -p + 47 = 4*i + 1. Let a = -6 + i. What are the prime factors of (28/a)/((-6)/(-15))?
2, 7
Let j(l) = l. Let c(x) = 4*x. Let m(k) = -c(k) + 6*j(k). Let t be m(6). List the prime factors of (-3)/t - (-41)/4.
2, 5
Let l = -39 - -25. Let k = -11 - l. What are the prime factors of k?
3
Suppose -3*c = -f - 133, -f = -5*c - 2*f + 227. List the prime fac